3 - 3*z**2 - 6*z - 29. Give u(-3).
16
Let n(j) = j**3 + 13*j**2 - 47*j + 7. What is n(-16)?
-9
Let g(s) = 6*s - 9. Calculate g(-7).
-51
Let z(o) = 2*o**2 + 11*o + 9. Give z(-2).
-5
Let h(c) = c**2 - 42*c - 40. Give h(-1).
3
Let b(d) = -d**3 - 5*d**2 + 9*d - 53. Give b(-7).
-18
Let f(b) = 88*b**3 - 2*b**2 + 1. What is f(-1)?
-89
Let v(b) = 2*b**3 - 2*b**2 + 1. Calculate v(-1).
-3
Let c(w) = w**2 + 16*w + 4. What is c(-11)?
-51
Let x(b) = -b**3 - 2*b**2 - 8*b - 7. What is x(-2)?
9
Let n(x) = 7*x - 5. Calculate n(4).
23
Let y(t) = -2*t - 13. What is y(-9)?
5
Let q(m) = m**2 + 28*m + 6. Give q(-27).
-21
Let k(n) = -5*n - 1. Give k(4).
-21
Let c(y) = -y**3 - 4*y. Calculate c(-2).
16
Let f(j) = -29*j**3 + 3*j**2 + j. What is f(-1)?
31
Let a(z) = -2*z**2 - 5*z - 8. Give a(-6).
-50
Let b(f) = -f**3 - 11*f**2 - 12*f - 6. Give b(-10).
14
Let w(z) = -z**2 + 2. Calculate w(-2).
-2
Let j(q) = q**3 - 6*q**2 - 18*q + 12. Calculate j(8).
-4
Let m(f) = -8*f**2 + 32*f + 26. Give m(5).
-14
Let d(p) = 4*p**2 + 4*p + 2. Calculate d(-3).
26
Let q(i) = -i**3 - 10*i**2 - 21*i - 21. What is q(-8)?
19
Let x(k) = -2*k**3 + 3*k - 1. Calculate x(2).
-11
Let z(f) = f**2 - 3*f - 17. Calculate z(6).
1
Let l(i) = -i**2 - 7*i - 6. Calculate l(-4).
6
Let v(x) = 8*x + 20. Calculate v(-4).
-12
Let s(p) = -2*p**3 + 22*p**2 + 22*p + 14. Give s(12).
-10
Let p(u) = -10*u + 20. What is p(3)?
-10
Let f(h) = -h**2 - 3*h. Calculate f(-5).
-10
Let c(l) = l**2 - 4*l - 24. What is c(0)?
-24
Let b(p) = -9*p - 39. Give b(-10).
51
Let s(r) = 2*r**2 + r - 9. What is s(3)?
12
Let n(g) = g**2 + 8*g + 14. Calculate n(-3).
-1
Let d(r) = r**3 - 6*r**2 - r + 2. What is d(7)?
44
Let s(l) = 5*l**2 - 2*l + 4. Give s(3).
43
Let s(l) = -l**3 + 4*l**2 + 8*l + 20. Give s(6).
-4
Let o(x) = -x**3 + 10*x**2 + 8. Give o(10).
8
Let q(o) = 17*o**3 + 3*o - 2. Determine q(1).
18
Let r(x) = -3*x - 14. Give r(-10).
16
Let j(p) = 2*p**2 - 3*p + 1. Calculate j(2).
3
Let k(s) = -37*s**2 + 2. Calculate k(-2).
-146
Let t(a) = -2*a**3 - 3*a**2 + 4*a + 13. What is t(-2)?
9
Let f(w) = 12*w**3 + 22*w**2 - 3*w - 2. Determine f(-2).
-4
Let d(t) = -t**2 + 6*t. Give d(5).
5
Let g(w) = -9*w - 52. Determine g(-12).
56
Let o(w) = 21*w**2 - 4*w + 5. Give o(1).
22
Let h(u) = 12*u + 130. Determine h(-12).
-14
Let d(z) = -3*z**2 + 6*z - 1. Calculate d(4).
-25
Let h(u) = u**2 - 7*u - 3. Determine h(-8).
117
Let r(k) = 3*k**3 + k - 1. Calculate r(1).
3
Let r(a) = -2*a**2 + 12*a + 16. Determine r(7).
2
Let b(q) = q + 24. What is b(-7)?
17
Let p(j) = j**2 - 3*j - 21. Give p(7).
7
Let d(z) = z**3 - z**2 + 2*z. Calculate d(0).
0
Let z(p) = -4*p**2 + 4*p - 5. Determine z(2).
-13
Let r(x) = 4*x + 3. Give r(-7).
-25
Let t(g) = 6*g - 3. Give t(2).
9
Let h(k) = -k**3 + 5*k**2 + 11*k + 28. Calculate h(7).
7
Let l(u) = -u**3 - 6*u**2 - 3*u - 6. Determine l(-6).
12
Let v(n) = n**3 + 23*n**2 + 22*n - 24. What is v(-22)?
-24
Let n(z) = z**3 + 11*z**2 - 11*z + 13. Determine n(-12).
1
Let t(k) = -k**3 - 5*k**2 + 9*k + 4. Determine t(-7).
39
Let o(g) = -12*g - 5. What is o(-2)?
19
Let y(k) = k**3 + 25*k**2 + 45*k - 33. What is y(-23)?
-10
Let j(m) = -m**3 + 2*m**2 + 3*m + 3. Calculate j(3).
3
Let l(q) = q**3 - 3*q**2 - 50*q + 31. Calculate l(9).
67
Let c(a) = -a**3 + 6*a**2 - 4*a - 1. Give c(5).
4
Let v(j) = j**3 - 9*j. What is v(3)?
0
Let q(b) = -b**3 + 11*b**2 + b - 103. Determine q(10).
7
Let x(n) = n**3 + 16*n**2 + 26*n - 24. Give x(-14).
4
Let y(g) = -2*g**3 - 23*g**2 + 14*g + 8. Calculate y(-12).
-16
Let m(n) = -2*n + 15. Determine m(7).
1
Let y(v) = -v**2 + 41*v + 74. Determine y(43).
-12
Let p(i) = -i**2 - 3*i + 7. Give p(5).
-33
Let m(i) = -i**3 + 12*i**2 + 2*i - 6. Give m(12).
18
Let s(u) = 20*u - 9. What is s(1)?
11
Let o(x) = -x**3 + 7*x**2 + 16*x - 6. Determine o(9).
-24
Let l(n) = n**3 - 7*n**2 - 10*n - 12. Calculate l(7).
-82
Let r(z) = z**3 - 2*z**2 + z - 17. What is r(0)?
-17
Let r(i) = -3*i - 146. What is r(-16)?
-98
Let o(g) = g + 33. Calculate o(-16).
17
Let n(b) = -8*b - 74. Give n(-10).
6
Let o(a) = -a - 27. What is o(-5)?
-22
Let y(i) = -7*i + 28. Calculate y(7).
-21
Let z(x) = -x**2 - 9*x - 22. Determine z(-11).
-44
Let a(k) = -4*k**2 - 8*k. Calculate a(-1).
4
Let f(l) = 11*l - 22. Determine f(2).
0
Let a(k) = 10*k**2 + 7*k - 6. Determine a(1).
11
Let v(u) = -u**2 - 16*u - 52. Give v(-4).
-4
Let h(t) = -4*t - 13. Calculate h(4).
-29
Let r(w) = w**3 - w**2 + w + 1. What is r(2)?
7
Let n(v) = -15*v**3 - v**2 + 18*v - 17. Calculate n(1).
-15
Let v(b) = 104*b + 724. Calculate v(-7).
-4
Let x(k) = 2*k - 12. Calculate x(14).
16
Let i(t) = -t**3 - 14*t**2 - 2*t + 13. Determine i(-14).
41
Let k(y) = 2*y + 10. Determine k(-5).
0
Let z(f) = 2*f**2 + 8*f - 15. Give z(-5).
-5
Let o(a) = -a + 3. Give o(4).
-1
Let y(x) = 39*x - 595. Calculate y(15).
-10
Let k(h) = 2*h**3 + 2*h**2 + 4*h + 4. Give k(-2).
-12
Let l(r) = 3*r + 27. Calculate l(-10).
-3
Let j(m) = -m**3 + 6*m**2 - 7*m + 2. What is j(3)?
8
Let c(h) = -3*h**2 - 16*h - 9. What is c(-4)?
7
Let z(y) = y**3 + 9*y**2 + 7*y + 66. What is z(-9)?
3
Let m(x) = -x**2 + 24*x + 42. Give m(26).
-10
Let u(k) = -k**2 - 2*k - 2. Calculate u(-4).
-10
Let c(j) = -j + 5. Determine c(8).
-3
Let n(y) = y**2 - 12*y + 4. Give n(11).
-7
Let l(z) = z**3 + 2*z**2 - 1. Give l(-1).
0
Let y(g) = 3*g**2 - 6*g - 7. Calculate y(-4).
65
Let k(h) = -23*h + 111. Give k(5).
-4
Let u(t) = t**3 + 12*t**2 - 6. Calculate u(-12).
-6
Let u(s) = -s**2 - 11*s - 16. Give u(-10).
-6
Let a(b) = -b**3 - 3*b**2 + 3*b + 11. Calculate a(-3).
2
Let h(j) = -j**3 + 24*j**2 + 23*j + 48. Calculate h(25).
-2
Let v(s) = s**3 + 5*s**2 + 2*s - 7. Determine v(-5).
-17
Let a(y) = 2*y**2 + 12*y + 10. Calculate a(-5).
0
Let z(x) = x**3 + 6*x**2 - 6*x + 10. Determine z(-7).
3
Let f(y) = 16*y + 27. Calculate f(-2).
-5
Let u(t) = t**2 + 17*t + 9. Determine u(-19).
47
Let r(m) = 2*m**3 - 2*m**2 - 4*m + 3. Calculate r(4).
83
Let m(d) = d**2 - 5*d + 2. Give m(6).
8
Let b(t) = -3*t + 21. Give b(8).
-3
Let p(y) = -9*y + 19. What is p(15)?
-116
Let v(o) = -13*o**2 + o + 1. Give v(-1).
-13
Let n(o) = 2*o**2 + 17*o - 16. Calculate n(-9).
-7
Let j(v) = -v**3 - 9*v**2 - 6*v + 18. Determine j(-8).
2
Let g(x) = 50*x**2 - x. Give g(1).
49
Let u(y) = 2*y**2 - 12*y + 3. What is u(5)?
-7
Let v(x) = -x**3 + 72*x**2 - 71*x - 2. What is v(71)?
-2
Let u(k) = -k**2 - k - 29. Determine u(0).
-29
Let n(p) = -24*p + 3. Determine n(2).
-45
Let t(p) = p**2 + 7*p - 12. Give t(-9).
6
Let u(i) = -4*i**2 + 45*i + 46. Determine u(12).
10
Let t(j) = j**2 + 8*j + 5. What is t(-4)?
-11
Let n(q) = q**2 + 16*q + 31. Give n(-13).
-8
Let h(j) = -142*j + 16. Give h(0).
16
Let d(s) = s - 16. Give d(-6).
-22
Let g(a) = 4*a + 44. Calculate g(-10).
4
Let b(x) = x**3 + 19*x**2 + 18*x + 8. Give b(-18).
8
Let h(o) = o**3 - 4*o**2 + o + 1. Give h(5).
31
Let b(y) = 52*y - 2. Determine b(-1).
-54
Let n(q) = q**3 - 19*q**2 + 24*q - 105. Determine n(18).
3
Let p(l) = -l + 45. Give p(12).
33
Let u(m) = -m**3 - 31*m**2 + 2*m + 62. What is u(-31)?
0
Let z(d) = 5*d**3 + 27*d**2 + 8*d - 11. Calculate z(-5).
-1
Let c(a) = 7*a - 51. What is c(7)?
-2
Let m(q) = -q**2 + 9*q + 7. What is m(8)?
15
Let p(c) = c**2 - 18*c + 120. Determine p(11).
43
Let j(q) = -q**3 + 21*q**2 + 22*q + 8. Determine j(22).
8
Let s(w) = -w**3 + 3*w + 5. Determine s(4).
-47
Let p(g) = -3*g**3 - 2*g**2 + 5*g + 7. What is p(-3)?
55
Let d(q) = -11*q**2 - 41*q + 3. Determine d(-4).
-9
Let u(r) = 6*r - 10. What is u(3)?
8
Let s(g) = -g**3 - 11*g**2 - 6*g + 26. Give s(-10).
-14
Let h(k) = -3*k**2 - 2*k + 3. Give h(2).
-13
Let h(r) = r**3 - 10*r**2 - 2*r + 21. Give h(10).
1
Let q(r) = -35*r - 7. Calculate q(-1).
28
Let y(w) = w**3 + 42*w**2 + 185*w - 15. What is y(-37)?
-15
Let i(s) = s**3 + 2*s**2 - 2*s - 4. Determine i(-3).
-7
Let s(g) = g**3 + 4*g**2 - 3*g - 7. Determine s(-4).
5
Let f(k) = -k - 3. Calculate f(-1).
-2
Let y(z) = -5*z - 32. What is y(-8)?
8
Let m(j) = j**2 + 15*j - 60. Calculate m(-18).
-6
Let u(d) = -d**2 + 5*d - 3. Calculate u(4).
1
Let f(r) = 2*r**2 - 4*r - 1. Determine f(3).
5
Let h(s) = -s**3 - 7*s**2 - 13*s - 17. What is h(-5)?
-2
Let s(c) = c**3 + 30*c**2 - 29*c + 56. Determine s(-31).
-6
Let t(a) = -67*a**3 + a**2 + a. Determine t(-1).
67
Let p(x) = -2*x**2 - 41*x + 30. Determine p(-21).
9
Let m(s) = 62*s + 127.